 -17*k + j*k + 15. Let y(x) = 2 - 5 - 1 + 2*x. What is y(k)?
2
Suppose -5 = -2*w + 5. Suppose a = 3*v + 8, 4 = w*v + 4*a - 11. Let m(f) = 34 - 13 - 13 - f - 10. Calculate m(v).
-1
Suppose -5*v + 495 = -5*l, -l - 507 = 4*l + v. Let d = l - -97. Let h(k) = k**3 + 2*k**2 - 5*k - 1. What is h(d)?
-13
Let y(i) = 4*i - 1. Let g(r) = 16*r - 4. Let n(z) = -2*z**2 - 9. Let h be n(0). Let o(w) = h*y(w) + 2*g(w). Let v(d) = -2*d - 6. Let t be v(-4). Calculate o(t).
-7
Let r(j) = -j**3 + 3*j**2 + 3*j - 2. Let s = 0 + 12. Suppose -s = 4*n - 6*n. Suppose -3*y - 9 = -n*y. Determine r(y).
7
Let m(f) be the second derivative of -f**6/360 + f**5/60 + f**4/24 - f**3/6 + 3*f. Let p(y) be the second derivative of m(y). Let x = -22 - -25. Give p(x).
-2
Let d(l) = 3*l - 6. Suppose a - 2*w - 10 = 0, 0 = 4*w + 5 + 7. Determine d(a).
6
Let v(l) = 12*l**3 - 3442*l - 8 - 13*l**3 - 6*l**2 + 3449*l. Suppose -14 = 5*x + 21. What is v(x)?
-8
Suppose 4*z = 2*j + 26, -3*z - 3 = -2*j - 25. Let q(u) = -u**2 - 2 - 9*u + 0*u**2 + 3 + 11*u. Calculate q(z).
-7
Let g(t) = 7*t**2 - 9*t - 11. Let s(k) = -11*k**2 + 13*k + 17. Let q(r) = 8*g(r) + 5*s(r). Let n be q(8). Let d(j) = -j**3 + 6*j**2 - 3*j - 7. Calculate d(n).
3
Let y(v) = -7*v**2 - 5*v - 5. Let s(o) = 16*o**2 + 10*o + 10. Let f(q) = 4*s(q) + 9*y(q). Give f(4).
-9
Let p(a) = -2*a**2 + 3*a + 3. Let g be ((-2)/3)/(26/(-78)). Give p(g).
1
Let i(d) = 3932*d**2 - 1 - 3932*d**2 - d - 25*d**3. Let r be (0 + 1)/((-5 + 3)/2). Give i(r).
25
Let x = -1608 - -1594. Let d(n) = 7*n + 100. Give d(x).
2
Let i(f) = -30*f - 42. Let g(h) = 7*h + 10. Let j(d) = -26*g(d) - 6*i(d). Let p be ((-15)/(-6))/(2/4). Suppose c + 17 = -3*a + a, p*c = -a - 22. Determine j(a).
6
Let p(d) = 8*d - 1. Suppose 15 = -5*q - 5*o, 4*o + 8 = -2*q + 2. What is p(q)?
-25
Let q(z) = z - 13. Let u(d) = d**3 - 10*d**2 + 8*d + 13. Let h be u(9). Suppose -56 = -5*c + c - h*w, 5*c - 54 = -w. Determine q(c).
-3
Let w(y) = -1. Let n(i) = -i + 1. Let t(s) = -n(s) - 3*w(s). Suppose -3 - 20 = 3*p + 2*a, 5*p + 2*a + 37 = 0. Give t(p).
-5
Let g(w) = -w**2 - 12*w + 30. Let u be g(-14). Let x(k) = -u*k**3 - 1 + 10*k**3 - 8*k**3 - k**3. Determine x(2).
-9
Let w(v) = 6*v**2 + 4*v + 13. Let h(b) = 7*b**2 + 3*b + 14. Let d(x) = -5*h(x) + 6*w(x). Let i be (64/(-6))/(-4)*-3. Give d(i).
0
Suppose -8 = -2*g - 5*t, -3*g - 3*t = -14 + 2. Let s(b) = 3*b + 15*b**3 + 3 - 14*b**3 - 2*b**2 + 4*b - 2*b**2 - 3*b. Calculate s(g).
19
Let l(j) = -2*j**2 + 3*j - 6. Let v(s) = -s**2 + 2*s - 1. Let o(d) = 6. Let r(m) = -o(m) + 2*v(m). Let p(g) = 4*l(g) - 3*r(g). What is p(1)?
-2
Let g(n) = -n - 3*n - 4*n + 4 + n**2 + 4. Suppose -6*u = -41 - 1. What is g(u)?
1
Let q(x) = -x + 1. Let z(o) = -o**2 + 7*o - 5. Let c = -4 + 5. Let l(d) = c*z(d) + 3*q(d). Suppose -b = 2*j - 3*b - 14, b + 1 = -2*j. Calculate l(j).
2
Suppose 2 = w + b, 2*w - 3*w + 2*b = -11. Let r(p) = -41*p**3 + w*p**2 - 6*p + 4*p**2 - 4*p**2 - 3 + 42*p**3. Determine r(-6).
-3
Let t be -3*(-6)/90 + (-31)/5. Let j(n) = 3*n + 14. Calculate j(t).
-4
Suppose 10*m + 12 = -48. Let q be 0*2/m - 5. Let f(i) be the first derivative of i**2/2 + 4*i + 1. Calculate f(q).
-1
Suppose -i - 3*a + 1 = 0, 2*i + 7*a = 5*a + 14. Let p(t) = -4*t + 3. Calculate p(i).
-37
Let l(h) = -5*h + 5. Suppose -2*s = 0, 8*s + 200 = 5*z + 3*s. Let v be z/(-6)*(-12)/10. Suppose x = 3*a - 5*a + v, 0 = 2*x - 3*a - 2. Give l(x).
-15
Suppose -w - 3*r - 46 = 0, -6*r - 156 = 4*w - r. Let a = 55 + w. Suppose 5*d = 2*d + a. Let l(g) = -g**2 + 7*g + 3. Give l(d).
3
Let v(g) = g**2 - 7*g - 8. Let j be v(9). Let u(o) = -o**2 + 5*o + 14. What is u(j)?
-36
Let a(f) be the second derivative of -f**3/3 - 5*f**2/2 + 6*f. Let g = 53 + -57. Calculate a(g).
3
Suppose 4*w + 3*q = 3, -5*q + 31 = -2*w - 0*q. Let j(k) = -2*k - 1. Let i(c) = 3*c + 2. Let p(u) = w*i(u) - 4*j(u). What is p(-5)?
3
Let x(v) = v**3 + 6*v**2 + 4*v + 9. Let h(l) = -13*l + 124. Let p be h(10). Give x(p).
-15
Let h(w) = -85*w**2 + 2*w + 93*w**2 - w**3 + 11 - 3*w + 0*w - 9*w. Calculate h(7).
-10
Let k(d) = -d**2 + 6*d + 8. Let h be k(7). Let s(i) = 2*i**3 - i**2 + 3*i - 2. Let z be s(h). Let w(n) = 5*n - 11*n + z + 3*n + n. Give w(5).
-8
Let l(x) = 2*x - 19*x + 4*x + 6*x + 1. Calculate l(1).
-6
Let j(f) = 3*f**2 - f - 2. Suppose -20*w = -3*s - 24*w - 15, -3 = w. What is j(s)?
2
Let u(j) = 1796*j**2 - 4*j + 0 + 2 - j**3 - 1798*j**2 - 3*j + 5*j. Give u(-3).
17
Let t(n) = n**2 + 13. Suppose -4*i - 25 = i, 2*s - 9 = -i. Suppose 5*y - s + 2 = -g, g - 3*y = -3. What is t(g)?
13
Let q(c) = c - 3. Let f(g) = 2*g - 3. Let j(h) = -2*f(h) + 3*q(h). Let x = 205 + -199. Let y be x/(-27) - 208/36. What is j(y)?
3
Let q = 361 + -344. Let r(n) = n**2 - 18*n + 20. Determine r(q).
3
Let f be 2/8 - (-15)/4. Suppose 4*q = 2*v - 12, -q - 2 = 2*v - 4. Let b(x) = 8*x**2 - 15*x**2 + 3*x + 5 + 6*x**v. Calculate b(f).
1
Suppose 0 = 4*o - 2 - 38. Let q be (6/4)/(3/o). Let a be (-4 + 15/3)*q. Let d(g) = -g**3 + 5*g**2 - 6. Determine d(a).
-6
Suppose 48*u - 12 = 45*u. Let r(c) = c**3 - 4*c**2 - 3*c + 6. Calculate r(u).
-6
Let k(f) = 5*f - 3696*f**2 + 3695*f**2 - 3*f + 5 - f. Determine k(5).
-15
Let o(g) = -g**2 - 5*g + 2. Suppose -6*r = -8*r + 42. Let d = 4 - r. Let y = 11 + d. Give o(y).
-4
Let g(k) = k**3 - 6*k - 7. Let l(q) = -q**3 - q - 1. Let h(t) = -g(t) + 6*l(t). Let p(u) = u**2 + u - 1. Let i be p(0). Determine h(i).
8
Let d(r) = -r**3 + 63*r + 1 - 29*r - 19*r - 27*r - 10*r**2. What is d(-9)?
28
Suppose -2 - 16 = 2*t + 4*p, -4*t = -p. Let x(j) be the second derivative of -j**4/4 + j**3/6 - j. Calculate x(t).
-4
Let c be -8*(-2)/4 - 2. Suppose 5*y + 1 = -4*f, 5*y - 3 = -f - c*f. Let m(h) = -5*h + 1. Determine m(y).
-14
Let y(q) = 24*q**3 - 16 - 8*q**2 - 25*q**3 - 5*q + 11. Calculate y(-7).
-19
Suppose z = t - 21, 2*t - 32 - 48 = 4*z. Let f = -13 - z. Let r(m) = -6*m + 561*m**3 - 2*m - 562*m**3 + 7*m**2 + 5. Calculate r(f).
-7
Suppose 0 = g - 3*b - 49 - 1, 3*g - 4*b = 125. Let f be 62/(-14) - (30/g)/(-2). Let o(v) = -v**2 - 2*v + 2. Determine o(f).
-6
Let p(w) = w + 1. Let v(h) = -33 - h + 0*h + 72 - 34. Let n(s) = 2*p(s) + v(s). Determine n(-3).
4
Let b(t) = -t**2 + t - 16. Let y be 0/(14/(-105) - (-124)/30). Calculate b(y).
-16
Let x(d) = -d**2 - 5*d - 7. Suppose 248*m - 249*m - 7 = 0. What is x(m)?
-21
Suppose 3*p + p = u - 78, 4*u - 2*p - 340 = 0. Let d = u + -90. Let j(o) = -o**2 - 7*o - 6. What is j(d)?
6
Let j(p) = 4*p**2 - 2*p - 344*p**3 - 348*p**3 - 2 + 691*p**3. Give j(2).
2
Let w(b) be the second derivative of -b**4/24 - b**3 - 17*b**2 - 13*b. Let x(o) be the first derivative of w(o). Calculate x(6).
-12
Suppose 0 = 10*b + 116 + 24. Let l(p) = -p + 12. Calculate l(b).
26
Let b(d) = d**3 - d**2. Let g = 0 - 0. Let z = -26 - -31. Suppose g = z*j - j. What is b(j)?
0
Let a = -100 + 100. Let y(f) = 2*f + f**2 - f + 11*f**3 - 7*f**3 + a*f**3. Determine y(-1).
-4
Let y(d) = -d**2 + 3*d - 3. Let c = -28 + 34. Suppose c*b - b = 40. Suppose b = 7*f - 6. Give y(f).
-1
Let w(r) = -13*r - 11. Let b(o) = -2*o + 15 - 14 + 3*o. Let v(l) = -44*b(l) - 4*w(l). Determine v(1).
8
Let b be 2 + (2 - 2/(-2)). Let h(t) be the second derivative of 0 - 1/6*t**3 - 2*t**2 + 10*t. Calculate h(b).
-9
Let v(u) = u - 3. Let y be 88/24 - 2/3. Suppose 4*s - o = y*o + 32, 0 = s + o + 2. Calculate v(s).
0
Let d = -84 + 92. Let h(f) = -f**2 + 6*f + 11. Calculate h(d).
-5
Let g be 4/18 + (-136)/(-36). Suppose s = -w + g, s + s - 29 = 5*w. Let l(r) be the second derivative of r**4/12 - 5*r**3/6 - 5*r**2/2 - 42*r. Determine l(s).
9
Let h(x) = -x**3 - 9*x**2 + 12. Let q be h(-9). Let b(f) = q*f - 24*f + 5*f. Determine b(1).
-7
Let o(u) = -1 - 49*u + 17*u + 10 + 31*u. Determine o(6).
3
Let m be 16/4 + (-7 - (0 + -3)). Let v(z) be the third derivative of z**6/120 + z**5/60 - z**4/24 + z**3/6 + 5*z**2 + 7*z. Give v(m).
1
Let c(o) = o**2 - 7*o - 5. Let d(h) = -2*h**2 + 15*h + 11. Let w(n) = -5*c(n) - 2*d(n). Suppose -122 = -3*y + 5*y. Let t = y + 66. What is w(t)?
3
Let y(i) be the first derivative of 1/2*i**2 + 21 + 0*i + 1/3*i**3. What is y(-3)?
6
Let q = -10 - -15. Suppose i = -n + 7, q*n + 2*i = -i + 31. Let g(v) = 0*v - v - 4 + 0*v + 3*v. Calculate g(n).
6
Let d = 2 + -1. Let y(k) be the first derivative of -5*k**4/4 + k**3/3 + 1476. Give y(d).
-4
Suppose -2*x = 0, 3*j + 8 = 5*